899 a composite number?
False
Is 14723198891 a prime number?
False
Is 905665741 composite?
False
Is 212730191 prime?
True
Is 102066442849 a prime number?
False
Is 441490981 a composite number?
False
Is 308887081 a prime number?
False
Is 55407182603 a prime number?
True
Is 2396274847 a composite number?
True
Is 36781744097 a composite number?
True
Is 5856396981 composite?
True
Is 14184714371 a prime number?
False
Is 21317181389 a composite number?
True
Is 636420739 prime?
False
Is 201074489279 composite?
False
Is 2392671583 a composite number?
False
Is 1627807079 a prime number?
False
Is 192588403 a composite number?
True
Is 162093601 prime?
True
Is 14505097207 a prime number?
False
Is 47635648843 a prime number?
True
Is 711049481 prime?
True
Is 63653357 composite?
True
Is 147604493 a prime number?
True
Is 9422852071 a prime number?
False
Is 594102595 composite?
True
Is 389188343 a prime number?
False
Is 1346831077 prime?
True
Is 1425297911 a prime number?
False
Is 2074461577 composite?
False
Is 79805666 composite?
True
Is 1604870461 a composite number?
False
Is 1903473133 a composite number?
False
Is 41066371519 a composite number?
True
Is 2894563019 composite?
False
Is 106215362629 composite?
False
Is 23178889 prime?
False
Is 18573679519 a prime number?
False
Is 3997331917 prime?
False
Is 791836207 a prime number?
False
Is 188997659 prime?
False
Is 116796037829 composite?
False
Is 8334135163 prime?
False
Is 58317441899 a prime number?
True
Is 5337206597 a composite number?
False
Is 234260993 a prime number?
True
Is 39494087687 prime?
True
Is 454376627 a composite number?
False
Is 8731716479 composite?
False
Is 1037213293 composite?
True
Is 336165733 a prime number?
False
Is 6454635689 a prime number?
True
Is 11598555959 composite?
False
Is 123863390173 a composite number?
False
Is 410460473 a composite number?
False
Is 36788304023 a prime number?
False
Is 22595323255 prime?
False
Is 44762036047 a prime number?
True
Is 1056775547 a composite number?
False
Is 3003568949 a composite number?
False
Is 45726503 a composite number?
True
Is 455667893 composite?
True
Is 61912424891 prime?
True
Is 777280787 composite?
True
Is 841299319 composite?
True
Is 175342200767 composite?
False
Is 205493177 a composite number?
False
Is 6552181 a prime number?
False
Is 2457070939 a composite number?
False
Is 27247943369 a composite number?
True
Is 37130432483 a composite number?
False
Is 143061757 a composite number?
False
Is 4030248571 prime?
True
Is 34844093423 a composite number?
False
Is 6401973269 composite?
False
Is 83016601 prime?
False
Is 5967540727 prime?
False
Is 3426906109 composite?
True
Is 391442636099 composite?
False
Is 27497077 composite?
False
Is 193290619 prime?
False
Is 7705432237 prime?
False
Is 185572463 a prime number?
True
Is 2534980429 a prime number?
True
Is 19569053351 composite?
True
Is 10138213649 a composite number?
True
Is 23835094009 a prime number?
False
Is 729651229 a composite number?
False
Is 3905082503 a prime number?
False
Is 606144151 a composite number?
False
Is 295716569 prime?
True
Is 6296271578 composite?
True
Is 713034331 a composite number?
False
Is 49429213538 prime?
False
Is 4559517643 composite?
True
Is 46630757 prime?
True
Is 85861078 composite?
True
Is 6510244903 a prime number?
False
Is 32347252153 composite?
True
Is 894725911 prime?
False
Is 159191572697 a prime number?
True
Is 36042327499 composite?
True
Is 5443616111 prime?
True
Is 9115410589 composite?
False
Is 11370318061 prime?
False
Is 6735699767 prime?
False
Is 94820965909 a prime number?
False
Is 919856627 composite?
False
Is 51796024571 a prime number?
False
Is 1253571983 a prime number?
False
Is 726612169 a prime number?
True
Is 14115313309 a composite number?
False
Is 14716931881 a prime number?
True
Is 846307981 composite?
False
Is 5856848951 prime?
False
Is 490878457 prime?
True
Is 3850013894 prime?
False
Is 2592313463 composite?
True
Is 167525873 composite?
True
Is 5266407719 prime?
False
Is 4830188287 composite?
False
Is 1247262217 prime?
True
Is 48210203681 a prime number?
False
Is 1344083621 prime?
True
Is 2053354133 composite?
False
Is 13625042573 a composite number?
False
Is 121999103711 a prime number?
False
Is 38428631 a composite number?
False
Is 123104543 a prime number?
False
Is 39475709011 a prime number?
False
Is 11365411691 prime?
False
Is 28895423 a prime number?
True
Is 609947579 a prime number?
True
Is 77482681 composite?
False
Is 2732638009 composite?
True
Is 5686720163 composite?
False
Is 8997660619 prime?
True
Is 135718176617 a composite number?
True
Is 27317852557 composite?
True
Is 34240008401 a prime number?
True
Is 4895457869 composite?
False
Is 923090101 a prime number?
False
Is 2495237159 composite?
True
Is 375439483 prime?
False
Is 866272703 a composite number?
False
Is 349699543 a prime number?
False
Is 1265290367 composite?
True
Is 208244159 prime?
False
Is 59092710997 prime?
True
Is 1801157581 prime?
True
Is 8859540923 composite?
True
Is 8760232769 composite?
True
Is 100873236781 a composite number?
False
Is 25315257899 a composite number?
False
Is 4933000169 prime?
False
Is 38377022789 a composite number?
True
Is 20203641259 a composite number?
True
Is 73113434917 composite?
False
Is 3218210327 a composite number?
False
Is 411905953 prime?
True
Is 13391108959 prime?
True
Is 2263869563 a composite number?
False
Is 2615057143 composite?
True
Is 3320130929 prime?
True
Is 1370703157 composite?
True
Is 2152098341 a composite number?
False
Is 166346661629 a prime number?
True
Is 40237276481 a prime number?
False
Is 71951329847 a prime number?
False
Is 376814389747 a prime number?
False
Is 129826201669 composite?
False
Is 205212631989 composite?
True
Is 106114033 prime?
True
Is 3861088157 prime?
False
Is 1059844057 prime?
False
Is 250175633 composite?
False
Is 163785342349 composite?
False
Is 14585486107 a prime number?
False
Is 46972314503 a composite number?
True
Is 29949496611 composite?
True
Is 5545557421 a prime number?
True
Is 78183145203 composite?
True
Is 325185757387 a prime number?
True
Is 1729079399 a prime number?
False
Is 2673145201 a prime number?
True
Is 113597828569 prime?
False
Is 244515305603 a composite number?
False
Is 143324329 a prime number?
True
Is 5414848079 prime?
True
Is 1329486103 composite?
True
Is 49381807087 composite?
False
Is 23650153433 prime?
True
Is 10740870773 composite?
False
Is 34866577523 a composite number?
False
Is 3665559199 composite?
True
Is 2122107677 composite?
False
Is 13042727591 composite?
False
Is 3064984249 a prime number?
False
Is 228880511 a composite number?
False
Is 24757117129 a prime number?
True
Is 4242934513 a composite number?
False
Is 51066364351 prime?
True
Is 222263263 a composite number?
True
Is 51443927 a composite number?
False
Is 1310890283 a composite number?
False
Is 93829103789 composite?
False
Is 20035933 prime?
True
Is 15058338067 a prime number?
True
Is 4760092955 prime?
False
Is 436335871 composite?
True
Is 63439935529 a composite number?
False
Is 59199548473 prime?
False
Is 133798777457 prime?
False
Is 1256660087 composite?
False
Is 2187948611 prime?
False
Is 20180432491 a composite number?
False
Is 62707612847 prime?
False
Is 3550441019 prime?
False
Is 150198049 a prime number?
True
Is 103292702059 a composite number?
True
Is 37320896051 prime?
False
Is 7315322579 a composite number?
True
Is 761485487 a prime number?
False
Is 6393970322 composite?
True
Is 436873989 a prime number?
False
Is 830148733 a composite number?
True
Is 175413503 composite?
True
Is 64069611923 a prime number?
False
Is 3558048917 composite?
True
Is 283885799 a prime number?
False
Is 5523598637 composite?
False
Is 985285013 prime?
True
Is 1537303799 a prime number?
True
Is 40169711237 prime?
True
Is 21537206413 composite?
True
Is 744115439 a prime number?
True
Is 306005809 prime?
False
Is 13129572043 a prime number?
False
Is 801043169 a composite number?
True
Is 574172231 prime?
True
Is 1715656165 a composite number?
True
Is 43925311 a composite number?
False
Is 21372225893 composite?
False
Is 4707458519 a prime number?
True
Is 567228583 composite?
False
Is 6124271511 composite?
True
Is 171383461 a prime number?
False
Is 884561233 a composite number?
True
Is 556402303 prime?
